{"id":2598,"date":"2026-01-23T10:03:27","date_gmt":"2026-01-23T10:03:27","guid":{"rendered":"https:\/\/acrosshiphoplpgc.com\/lanzarote\/?page_id=2598"},"modified":"2026-03-04T10:01:13","modified_gmt":"2026-03-04T10:01:13","slug":"listado-de-alumnos-2026","status":"publish","type":"page","link":"https:\/\/acrosshiphoplpgc.com\/lanzarote\/listado-de-alumnos-2026\/","title":{"rendered":"LISTADO DE ALUMNOS 2026"},"content":{"rendered":"\n<ul class=\"wp-block-list\">\n<li><strong>GRUPO ARRECIFE<\/strong><\/li>\n<\/ul>\n\n\n\n<hr class=\"wp-block-separator has-alpha-channel-opacity\"\/>\n\n\n\n<p>Lisbeth Sof\u00edaSalazar Moreno<br>Jennifer Puentes<br>Aissatu Balde<br>Carlos Daniel Rodr\u00edguez Sosa<br>Mattias Viviescas Rodr\u00edguez<br>Raquel Sof\u00eda Celis Molina<br>Luciana Mart\u00ednez Trochez<br>Haizea Mart\u00edn LLarena<br>Ane Lopez Ayensa<\/p>\n\n\n\n<hr class=\"wp-block-separator has-alpha-channel-opacity\"\/>\n\n\n\n<ul class=\"wp-block-list\">\n<li><strong>GRUPO SAN BARTOLOM\u00c9 (PLAYA HONDA)<\/strong><\/li>\n<\/ul>\n\n\n\n<hr class=\"wp-block-separator has-alpha-channel-opacity\"\/>\n\n\n\n<p>Atenea Morales Curbelo<br>Valeria Rodr\u00edguez Grim\u00f3n<br>Alexia Morales Fern\u00e1ndez<br>Akane Le\u00f3n Cabrera<br>Ainara Cabrera Alonso<br>Adda Cisse Extra<\/p>\n\n\n\n<hr class=\"wp-block-separator has-alpha-channel-opacity\"\/>\n\n\n\n<ul class=\"wp-block-list\">\n<li><strong>GRUPO TEGUISE (COSTA TEGUISE)<\/strong> &#8211; Grupo Infantil<\/li>\n<\/ul>\n\n\n\n<p>Yassin Cheikh Malaynine P\u00e9rez<br>Lia Grazziano Croft<br>Mia Santi Valerio<br>Deva Salvi<br>Famara Pamela Cabrera Tabares<br>Adonay Su\u00e1rez Mart\u00edn<br>Teo Silos Trabanco<br>June Silos Trabanco<br>Nicolle D\u00edaz Camejo<br>Haley Fernanda D\u00edaz Camejo<br>Abril D\u00edaz Camejo<br>Ainara D\u00edaz Camejo<\/p>\n\n\n\n<p>Aroa D\u00edaz Camejo<br>Alexia Quesada Blanco <\/p>\n\n\n\n<p><\/p>\n","protected":false},"excerpt":{"rendered":"<p>Lisbeth Sof\u00edaSalazar MorenoJennifer PuentesAissatu BaldeCarlos Daniel Rodr\u00edguez SosaMattias Viviescas Rodr\u00edguezRaquel Sof\u00eda Celis MolinaLuciana Mart\u00ednez TrochezHaizea Mart\u00edn LLarenaAne Lopez Ayensa Atenea Morales CurbeloValeria Rodr\u00edguez Grim\u00f3nAlexia Morales Fern\u00e1ndezAkane Le\u00f3n CabreraAinara Cabrera AlonsoAdda Cisse Extra Yassin Cheikh Malaynine P\u00e9rezLia Grazziano CroftMia Santi ValerioDeva SalviFamara Pamela Cabrera TabaresAdonay Su\u00e1rez Mart\u00ednTeo Silos TrabancoJune Silos TrabancoNicolle D\u00edaz CamejoHaley Fernanda D\u00edaz CamejoAbril [&hellip;]<\/p>\n","protected":false},"author":1,"featured_media":0,"parent":0,"menu_order":0,"comment_status":"closed","ping_status":"closed","template":"","meta":{"_genesis_hide_title":false,"_genesis_hide_breadcrumbs":false,"_genesis_hide_singular_image":false,"_genesis_hide_footer_widgets":false,"_genesis_custom_body_class":"","_genesis_custom_post_class":"","_genesis_layout":"","footnotes":""},"class_list":{"0":"post-2598","1":"page","2":"type-page","3":"status-publish","5":"entry"},"_links":{"self":[{"href":"https:\/\/acrosshiphoplpgc.com\/lanzarote\/wp-json\/wp\/v2\/pages\/2598","targetHints":{"allow":["GET"]}}],"collection":[{"href":"https:\/\/acrosshiphoplpgc.com\/lanzarote\/wp-json\/wp\/v2\/pages"}],"about":[{"href":"https:\/\/acrosshiphoplpgc.com\/lanzarote\/wp-json\/wp\/v2\/types\/page"}],"author":[{"embeddable":true,"href":"https:\/\/acrosshiphoplpgc.com\/lanzarote\/wp-json\/wp\/v2\/users\/1"}],"replies":[{"embeddable":true,"href":"https:\/\/acrosshiphoplpgc.com\/lanzarote\/wp-json\/wp\/v2\/comments?post=2598"}],"version-history":[{"count":7,"href":"https:\/\/acrosshiphoplpgc.com\/lanzarote\/wp-json\/wp\/v2\/pages\/2598\/revisions"}],"predecessor-version":[{"id":2623,"href":"https:\/\/acrosshiphoplpgc.com\/lanzarote\/wp-json\/wp\/v2\/pages\/2598\/revisions\/2623"}],"wp:attachment":[{"href":"https:\/\/acrosshiphoplpgc.com\/lanzarote\/wp-json\/wp\/v2\/media?parent=2598"}],"curies":[{"name":"wp","href":"https:\/\/api.w.org\/{rel}","templated":true}]}}